pose 0 = 14*u + 6*u - 60. Let b(c) = -3*c**3 - 9*c**2 + 8*c - 7. Let f(i) = u*b(i) + 2*a(i). Calculate f(6).
15
Let j(p) be the second derivative of -p**5/60 + p**4/24 + 3*p**3 - 36*p**2 + 3*p - 21. Let w(k) be the first derivative of j(k). What is w(0)?
18
Let m(q) = -5 - 5 - 4 + 11 + 0*q - q. Let b = 11 + -6. Give m(b).
-8
Let l(o) = -o + 9. Let d be l(9). Suppose d = -4*x, 6 + 14 = 4*v + x. Let q(a) = 7*a - 2*a**2 - v*a + 3 + 3*a + a**2. Give q(5).
3
Let x(g) = 11*g - 17. Let h(a) = -10*a + 12. Let t(b) = -3*h(b) - 2*x(b). Suppose 19*z + 22*z - 41 = 0. Determine t(z).
6
Let n(u) = -u - 1. Let a(b) = -8*b - 3. Let y(h) = -a(h) + 6*n(h). Suppose -6*j - 251 = 697. Let k = -155 - j. Determine y(k).
3
Let q be 3 + (4 - 3)*-5 + 8. Let h(k) = 3*k - 5*k + 4*k + q. Determine h(-5).
-4
Let l = 2989 - 3018. Let b(g) = 10*g + 293. Give b(l).
3
Let c = 36 - 29. Let u(h) be the first derivative of -4*h**2 + 17 + c*h - 2*h**2 + 5*h**2 - 3*h. What is u(-3)?
10
Let x(d) = -d**2 - 5*d + 7. Suppose -23*g + 22*g + 3 = 0. Let y be (6/4)/g*(-20)/2. Give x(y).
7
Let y(t) be the second derivative of t**3/6 + 11*t**2/2 - 1881*t. Give y(-20).
-9
Let q(y) = y**3 + 8*y**2 - 8*y + 7. Let r be q(-9). Let s be -3 + (14/4 + -2)*r. Let w(l) = -l**3 - 7*l**2 - 8*l - 6. Determine w(s).
6
Let l(q) = 13*q + 1. Let a(u) = u**3 - 5*u**2 + 91*u + 2. Let w(b) = a(b) - 6*l(b). Calculate w(2).
10
Let f(y) = 37*y**2 - 2*y + 1. Let s be f(-1). Let z be (-37)/(-1) - 0/4. Let o = z - s. Let t(a) = a**3 + 4*a**2 + 3*a + 1. Calculate t(o).
1
Let s(a) = 15*a + 123. Let z be s(-6). Let c be 12*(z/(-6) - -6). Let d(t) be the first derivative of t**4/4 - 7*t**3/3 + 9*t**2/2 - 2*t - 1. Determine d(c).
16
Let b(g) = -86 + 2*g + 6 - 3 + 2*g. Calculate b(22).
5
Let u(q) = 14*q**2 - 238*q + 6. Suppose -41*p - 15*p = -952. Determine u(p).
6
Let a(s) = -3*s + 3*s**2 + 21 - 2*s - 43 - 2*s**2 + 20. Let d be (-3)/((-7)/(728/(-12))). Let t = -20 - d. Calculate a(t).
4
Let l(w) = -w**3 - 18*w**2 + 13*w - 22. Suppose 4*o = 1165 - 1241. What is l(o)?
92
Let y(b) = -35*b - 193. Let o(w) = 17*w + 97. Let v(d) = 5*o(d) + 3*y(d). Let s be v(-5). Let r(a) = -2*a + 12. Give r(s).
0
Let n = -21972 - -21974. Let f(v) = 21*v + 13. Let o(s) = -11*s - 7. Let x(y) = 6*f(y) + 11*o(y). Calculate x(n).
11
Suppose v + 394 = -y, 4*y = -2*v - 687 - 99. Let p = 392 + v. Let n(s) = -4*s + 0 + 5 - s**2 - 4. Give n(p).
4
Let d be (-4 + (-44)/(-11))/(-2 - -4). Let q be (-441)/(-63) - (d + 0). Let t(j) be the third derivative of j**5/60 - 5*j**4/24 - j**3 + j**2. Calculate t(q).
8
Let z(o) = o**3 - 33*o**2 + 33*o + 4. Let y be z(32). Suppose -4*t = -223 + 71. Let d = y - t. Let p(v) = 3*v**2 + 2*v + 1. What is p(d)?
9
Let n(q) be the first derivative of 2*q**3/3 - 23*q**2/2 + 3*q + 1085. Calculate n(12).
15
Let a(l) = -9*l - 38. Let i(n) = -10*n - 29. Let g(j) = -5*a(j) + 4*i(j). Give g(-14).
4
Let f = -41 - 45. Let d = f - -82. Let s(w) = 2*w**2 - 2*w - 3. Determine s(d).
37
Let v(u) = 2*u - 6 - 3*u - 5*u. Suppose 154*p - 174 = 184*p + 6. Give v(p).
30
Let r be (-35)/(-11) + (-28)/154. Let a(h) = 35*h + 37*h + 42*h - r - 115*h. Give a(-7).
4
Let d(k) = -21*k**2 - k + 21. Let i(l) = -14*l**2 - l + 17. Let u(c) = -4*d(c) + 5*i(c). Calculate u(-1).
16
Let l(t) be the third derivative of t**6/360 + t**5/40 + t**4/12 - 95*t**3/6 - 5*t**2. Let k(g) be the first derivative of l(g). What is k(-4)?
6
Let b(y) = -2*y - 18. Suppose 3*m + 5 = 17. Suppose 3*h = -4*s - 43, 0 = h + 2*s + m + 11. Determine b(h).
8
Suppose 10 - 5 = -5*b, 4*b - 2 = -3*u. Let r(v) = -14*v**u + 57 + 2*v**2 - 120 - v**3 + 57. Calculate r(-12).
-6
Let w(x) = 4*x**2 - 31*x + 18. Let c(k) = 3*k**2 - 26*k + 16. Let a(z) = 3*c(z) - 2*w(z). Give a(12).
-36
Let l = -30 + 54. Let m = 4 + 5. Suppose 4*y = -4*i - l, 4*y + m = 2*y + i. Let c(b) = -b**2 - 6*b - 2. What is c(y)?
3
Let j(d) = -d - 31. Let a(t) = 2*t + 31. Let x(v) = 4*a(v) + 5*j(v). Let p be x(11). Let z(h) = 5*h**3 - 4*h + 4*h - h + p*h**2 - h**2. Give z(1).
5
Let r = -690 + 692. Let l(m) = m**3 - m**2 + 3*m - 3. Let i(f) = f**3 - 2*f**2 + 4*f - 1. Let k(y) = r*i(y) - 3*l(y). What is k(0)?
7
Let g(i) = i**2 + 7. Let w = -690 - -701. Suppose -u - u = -w*u. Calculate g(u).
7
Suppose 20*k = -89 + 149. Let r(c) = -c**3 + 2*c**3 - c**k - c**3 + c**2 + 3*c + 3 - 2. Suppose 2*d + 2 = 8. Calculate r(d).
-8
Let b(m) = -26*m - 150. Suppose 49 + 5 = -9*t. Let l be b(t). Let h(i) = -i + 2. What is h(l)?
-4
Suppose 3*l - 2*g + 5*g = 48, -5*l = -4*g - 35. Let z = l - 6. Let x(n) be the third derivative of n**4/8 - 5*n**3/6 - 363*n**2. Give x(z).
10
Suppose 3*u - 5*v = -10*v - 4, 2*u = -v + 2. Let x = -38 + 44. Let g(r) = -3*r**2 + x*r**2 - 3*r**3 + 0*r**3. What is g(u)?
-12
Let m(c) = c**3 + 5*c**2 + 468*c + 1381. Let y be m(-3). Let h(p) = 6*p**2 + 9*p + 4. Let d(t) = t**2 + t + 1. Let u(w) = -4*d(w) + h(w). Calculate u(y).
25
Let v(a) = 5*a + 69. Let x(y) = -4*y - 54. Let i(s) = -3*v(s) - 4*x(s). Suppose 0 = -0*z - 2*z - 22. Determine i(z).
-2
Let i = -156 - -163. Let o(v) be the first derivative of i + 7/2*v**2 + v. Give o(1).
8
Let z(b) = b**3 - 60*b**2 + 172*b - 63. Let t be z(57). Let p(j) be the second derivative of j**3/6 - j**2 - 3*j. What is p(t)?
-8
Let d(g) = -3*g**3 - 1. Let x(m) = -m**2 + 4*m - 1. Let s be x(-6). Let t(c) = c**2 - 13*c + 89. Let h be t(10). Let u = h + s. Calculate d(u).
23
Let v(u) = -u**2 - 8*u - 5. Let h be 20/(-75)*-237 + 1/(-5). Suppose h = -7*y - 2*y. Calculate v(y).
2
Let w(j) = -3*j**2 + 4*j - 1. Let s be w(-3). Suppose 5*u + 2*k = 8 + 78, k = u - 13. Let i be (s/u)/((-2)/(-4)). Let h(d) = d**2 + 5*d - 6. Determine h(i).
-6
Let i(h) be the second derivative of h**5/10 - 2*h**4/3 - 5*h**3/6 + 5*h**2/2 - 2512*h. Calculate i(4).
-15
Suppose 1992 = -17*c + 2281. Let r(i) = -i**2 + 17*i + 10. Determine r(c).
10
Let b(r) = -2*r**2 - r + 29. Let k = -24029 - -24025. Determine b(k).
1
Suppose 2167*j = 2165*j - 8. Let w(s) = 3*s**2 + 15*s + 6. Determine w(j).
-6
Let x = 71290 - 71287. Let m(k) = -3*k - k**3 + 7*k + 5*k**2 - 3*k**2. Calculate m(x).
3
Let w(r) = 0 + 3 - 2*r + r**3 + 4*r + 7*r**2 - r. Suppose -5*m + 8 = 4*p, -5*p - 3*m - m = -10. Suppose -2*b - 10 = p*o, -5*o + 4*o = -b - 9. Give w(b).
-4
Let q(v) be the first derivative of 9*v**2/2 + 254*v + 4501. Calculate q(-28).
2
Let w(u) = u + 3. Let j(m) = 14*m + 123. Let s be j(9). Let g = -258 + s. Calculate w(g).
-6
Let o = -18 + 35. Suppose -2*d = 3 - o. Let m(w) = -15*w**2 + w - 24. Let u(y) = -7*y**2 + y - 11. Let a(x) = 6*m(x) - 13*u(x). What is a(d)?
-1
Let q(p) = -17*p**2 - 9*p**2 - 16*p**2 + 59 - 14*p + 41*p**2. What is q(-18)?
-13
Let j(b) = 3872*b**2 - 1288*b**2 - 1291*b**2 - 5*b - 1288*b**2 + 5. Give j(3).
35
Let v(u) = -u**2 + u - 2. Let j(z) = -z**3 + 23*z**2 + 2*z - 16. Let n be j(23). Suppose n*l + 12 = 34*l. Suppose -2 = -a, 3*a = l*i + 12 + 6. Calculate v(i).
-22
Let k = 60 + -57. Let w(t) = t**2 - 7*t - 2. Let u be w(7). Let d(y) = -2*y**2 + 2*y + 2. Let q(h) = -2*h**2 + 2*h + 2. Let l(b) = k*q(b) + u*d(b). Give l(3).
-10
Let t = 141 - 140. Let x be (-17 - t)*(-26)/(-52). Let s(y) = -y**3 - 10*y**2 - 10*y - 7. Calculate s(x).
2
Let y = -3537 + 3538. Let c(j) = -71*j**2. Determine c(y).
-71
Let z(u) = u**3 + 37*u**2 + 69*u - 42. Suppose 0 = -t + 59*k - 57*k - 27, 5*t - 3*k = -163. What is z(t)?
-7
Let d(h) = -2*h**3 - 2*h**2 + h - 2. Let i(l) = -11*l**3 - 22*l**2 + 3*l + 25. Let q(p) = 5*d(p) - i(p). What is q(-11)?
64
Let u(w) be the first derivative of -10*w**3/3 + w**2/2 + 1435. Determine u(-2).
-42
Let f(y) = -y**3 - 2*y**2 + 2*y - 1. Let x be 2*12/8 - (-3 + 1). Suppose -x*v - 3 = -4*v. What is f(v)?
2
Let n be (-837)/(-18) + 1/(-2). Let i = -49 + n. Let r(z) = z**3 + 3*z**2 + z + 1. Give r(i).
-2
Suppose 0 = 4*a + 8, 2*a - 24 = -2*n + 14. Let w(z) = z**2 - 24*z + 38. What is w(n)?
-25
Let n(p) = 10*p + 20. Let h(s) = 19*s**2 - 143*s + 64. Let y be h(7). What is n(y)?
-40
Let u(a) = a**2 - 2*a - 5. Let x = 36 - 31. Suppose -69 = 2*j - x*j. Suppose j - 3 = 5*q. Calculate u(q).
3
Suppose -5*h = -15 - 10. Suppose 8*f - 78 + 54 = 0. Let t(s) = -8*s - 5 + 4*s**2 - 12*s + 2*s**2 - s**f - 6*s + 23*s. Calculate t(h).
5
Let d(j) = j**3 + 2*j**2. Let t be d(-2). Let m(r) = 303*r - 59 - 152*r + 40 - 152*r. What is m(t)?
-19
L